{"id":21,"date":"2017-05-25T19:23:47","date_gmt":"2017-05-25T19:23:47","guid":{"rendered":"http:\/\/centrodeextension.uc.cl\/?page_id=21"},"modified":"2023-03-10T10:46:09","modified_gmt":"2023-03-10T14:46:09","slug":"acerca-de","status":"publish","type":"page","link":"https:\/\/centrodeextension.uc.cl\/en\/acerca-de\/","title":{"rendered":"Our experience"},"content":{"rendered":"<p><\/p>\n<h4>UC Extension Center<\/h4>\n<p><img loading=\"lazy\" decoding=\"async\" class=\"alignleft size-full wp-image-386\" src=\"http:\/\/centrodeextension.uc.cl\/wp-content\/uploads\/2017\/05\/Sobre-Centro-de-Eventos.jpg\" alt=\"\" width=\"555\" height=\"270\" srcset=\"https:\/\/centrodeextension.uc.cl\/wp-content\/uploads\/2017\/05\/Sobre-Centro-de-Eventos.jpg 555w, https:\/\/centrodeextension.uc.cl\/wp-content\/uploads\/2017\/05\/Sobre-Centro-de-Eventos-60x29.jpg 60w\" sizes=\"(max-width: 555px) 100vw, 555px\" \/><\/p>\n<h3>Mission<\/h3>\n<p>Our commitment with clients is to provide spaces, technology and services of an international standard to accomplish successful events that facilitate the exchange of experiences between people, companies and institutions.<\/p>\n<h3>View<\/h3>\n<p>To be the leading organization in the management and operation of congresses, fairs, seminars and events in Chile, with recognition and international prestige.<br \/>\nAs a University, we provide facilities for events related to the sphere of education, health, science and technology.<\/p>\n<h3>Our Team<\/h3>\n<p>We are a multidisciplinary team with extensive experience, aiming to provide excellent services. Our personalized, friendly and adaptable service seeks to satisfy the most demanding clients.<br \/>\nWe are proud professionals in each of the tasks that we develop. We have a deep knowledge of event organization and want to convey to our clients how to achieve a good performance.<\/p>\n<p><img loading=\"lazy\" decoding=\"async\" class=\"size-medium wp-image-725 aligncenter\" src=\"http:\/\/centrodeextension.uc.cl\/wp-content\/uploads\/2018\/10\/equipo-centro-extensio\u0301n-uc-555x312.jpg\" alt=\"\" width=\"555\" height=\"312\" \/><\/p>","protected":false},"excerpt":{"rendered":"<p>UC Extension Center Mission Our commitment with clients is to provide spaces, technology and services of an international standard to accomplish successful events that facilitate the exchange of experiences between people, companies and institutions. View To be the leading organization in the management and operation of congresses, fairs, seminars and events in Chile, with recognition [&hellip;]<\/p>\n","protected":false},"author":1,"featured_media":0,"parent":0,"menu_order":14,"comment_status":"closed","ping_status":"closed","template":"","meta":{"footnotes":""},"yoast_head":"<!-- This site is optimized with the Yoast SEO plugin v22.1 - https:\/\/yoast.com\/wordpress\/plugins\/seo\/ -->\n<title>Nuestra experiencia | Centros de Extensi\u00f3n UC<\/title>\n<meta name=\"description\" content=\"Conoce nuestra amplia experiencia en organizaci\u00f3n de eventos y nuestros espacios de arriendo para matrimonios, seminarios, congresos, charlas y m\u00e1s.\" \/>\n<meta name=\"robots\" content=\"index, follow, max-snippet:-1, max-image-preview:large, max-video-preview:-1\" \/>\n<link rel=\"canonical\" href=\"https:\/\/centrodeextension.uc.cl\/acerca-de\/\" \/>\n<meta property=\"og:locale\" content=\"en_US\" \/>\n<meta property=\"og:type\" content=\"article\" \/>\n<meta property=\"og:title\" content=\"Nuestra experiencia | Centros de Extensi\u00f3n UC\" \/>\n<meta property=\"og:description\" content=\"Conoce nuestra amplia experiencia en organizaci\u00f3n de eventos y nuestros espacios de arriendo para matrimonios, seminarios, congresos, charlas y m\u00e1s.\" \/>\n<meta property=\"og:url\" content=\"https:\/\/centrodeextension.uc.cl\/acerca-de\/\" \/>\n<meta property=\"og:site_name\" content=\"Centros de Extensi\u00f3n UC, un espacio para cada encuentro\" \/>\n<meta property=\"article:publisher\" content=\"https:\/\/www.facebook.com\/centrodeextensionuc\/\" \/>\n<meta property=\"article:modified_time\" content=\"2023-03-10T14:46:09+00:00\" \/>\n<meta property=\"og:image\" content=\"https:\/\/centrodeextension.uc.cl\/wp-content\/uploads\/2017\/05\/Sobre-Centro-de-Eventos.jpg\" \/>\n<meta name=\"twitter:card\" content=\"summary_large_image\" \/>\n<meta name=\"twitter:label1\" content=\"Est. reading time\" \/>\n\t<meta name=\"twitter:data1\" content=\"1 minute\" \/>\n<script type=\"application\/ld+json\" class=\"yoast-schema-graph\">{\"@context\":\"https:\/\/schema.org\",\"@graph\":[{\"@type\":\"WebPage\",\"@id\":\"https:\/\/centrodeextension.uc.cl\/acerca-de\/\",\"url\":\"https:\/\/centrodeextension.uc.cl\/acerca-de\/\",\"name\":\"Nuestra experiencia | Centros de Extensi\u00f3n UC\",\"isPartOf\":{\"@id\":\"https:\/\/centrodeextension.uc.cl\/#website\"},\"datePublished\":\"2017-05-25T19:23:47+00:00\",\"dateModified\":\"2023-03-10T14:46:09+00:00\",\"description\":\"Conoce nuestra amplia experiencia en organizaci\u00f3n de eventos y nuestros espacios de arriendo para matrimonios, seminarios, congresos, charlas y m\u00e1s.\",\"breadcrumb\":{\"@id\":\"https:\/\/centrodeextension.uc.cl\/acerca-de\/#breadcrumb\"},\"inLanguage\":\"en-US\",\"potentialAction\":[{\"@type\":\"ReadAction\",\"target\":[\"https:\/\/centrodeextension.uc.cl\/acerca-de\/\"]}]},{\"@type\":\"BreadcrumbList\",\"@id\":\"https:\/\/centrodeextension.uc.cl\/acerca-de\/#breadcrumb\",\"itemListElement\":[{\"@type\":\"ListItem\",\"position\":1,\"name\":\"Portada\",\"item\":\"https:\/\/centrodeextension.uc.cl\/\"},{\"@type\":\"ListItem\",\"position\":2,\"name\":\"Qui\u00e9nes somos\"}]},{\"@type\":\"WebSite\",\"@id\":\"https:\/\/centrodeextension.uc.cl\/#website\",\"url\":\"https:\/\/centrodeextension.uc.cl\/\",\"name\":\"Centros de Extensi\u00f3n UC, un espacio para cada encuentro\",\"description\":\"\",\"publisher\":{\"@id\":\"https:\/\/centrodeextension.uc.cl\/#organization\"},\"alternateName\":\"Centros de Extensi\u00f3n UC\",\"potentialAction\":[{\"@type\":\"SearchAction\",\"target\":{\"@type\":\"EntryPoint\",\"urlTemplate\":\"https:\/\/centrodeextension.uc.cl\/?s={search_term_string}\"},\"query-input\":\"required name=search_term_string\"}],\"inLanguage\":\"en-US\"},{\"@type\":\"Organization\",\"@id\":\"https:\/\/centrodeextension.uc.cl\/#organization\",\"name\":\"Pontificia Universidad Cat\u00f3lica de Chile\",\"url\":\"https:\/\/centrodeextension.uc.cl\/\",\"logo\":{\"@type\":\"ImageObject\",\"inLanguage\":\"en-US\",\"@id\":\"https:\/\/centrodeextension.uc.cl\/#\/schema\/logo\/image\/\",\"url\":\"https:\/\/centrodeextension.uc.cl\/wp-content\/uploads\/2023\/01\/logo_UC.jpg\",\"contentUrl\":\"https:\/\/centrodeextension.uc.cl\/wp-content\/uploads\/2023\/01\/logo_UC.jpg\",\"width\":390,\"height\":204,\"caption\":\"Pontificia Universidad Cat\u00f3lica de Chile\"},\"image\":{\"@id\":\"https:\/\/centrodeextension.uc.cl\/#\/schema\/logo\/image\/\"},\"sameAs\":[\"https:\/\/www.facebook.com\/centrodeextensionuc\/\"]}]}<\/script>\n<!-- \/ Yoast SEO plugin. -->","yoast_head_json":{"title":"Nuestra experiencia | Centros de Extensi\u00f3n UC","description":"Conoce nuestra amplia experiencia en organizaci\u00f3n de eventos y nuestros espacios de arriendo para matrimonios, seminarios, congresos, charlas y m\u00e1s.","robots":{"index":"index","follow":"follow","max-snippet":"max-snippet:-1","max-image-preview":"max-image-preview:large","max-video-preview":"max-video-preview:-1"},"canonical":"https:\/\/centrodeextension.uc.cl\/acerca-de\/","og_locale":"en_US","og_type":"article","og_title":"Nuestra experiencia | Centros de Extensi\u00f3n UC","og_description":"Conoce nuestra amplia experiencia en organizaci\u00f3n de eventos y nuestros espacios de arriendo para matrimonios, seminarios, congresos, charlas y m\u00e1s.","og_url":"https:\/\/centrodeextension.uc.cl\/acerca-de\/","og_site_name":"Centros de Extensi\u00f3n UC, un espacio para cada encuentro","article_publisher":"https:\/\/www.facebook.com\/centrodeextensionuc\/","article_modified_time":"2023-03-10T14:46:09+00:00","og_image":[{"url":"https:\/\/centrodeextension.uc.cl\/wp-content\/uploads\/2017\/05\/Sobre-Centro-de-Eventos.jpg"}],"twitter_card":"summary_large_image","twitter_misc":{"Est. reading time":"1 minute"},"schema":{"@context":"https:\/\/schema.org","@graph":[{"@type":"WebPage","@id":"https:\/\/centrodeextension.uc.cl\/acerca-de\/","url":"https:\/\/centrodeextension.uc.cl\/acerca-de\/","name":"Nuestra experiencia | Centros de Extensi\u00f3n UC","isPartOf":{"@id":"https:\/\/centrodeextension.uc.cl\/#website"},"datePublished":"2017-05-25T19:23:47+00:00","dateModified":"2023-03-10T14:46:09+00:00","description":"Conoce nuestra amplia experiencia en organizaci\u00f3n de eventos y nuestros espacios de arriendo para matrimonios, seminarios, congresos, charlas y m\u00e1s.","breadcrumb":{"@id":"https:\/\/centrodeextension.uc.cl\/acerca-de\/#breadcrumb"},"inLanguage":"en-US","potentialAction":[{"@type":"ReadAction","target":["https:\/\/centrodeextension.uc.cl\/acerca-de\/"]}]},{"@type":"BreadcrumbList","@id":"https:\/\/centrodeextension.uc.cl\/acerca-de\/#breadcrumb","itemListElement":[{"@type":"ListItem","position":1,"name":"Portada","item":"https:\/\/centrodeextension.uc.cl\/"},{"@type":"ListItem","position":2,"name":"Qui\u00e9nes somos"}]},{"@type":"WebSite","@id":"https:\/\/centrodeextension.uc.cl\/#website","url":"https:\/\/centrodeextension.uc.cl\/","name":"Centros de Extensi\u00f3n UC, un espacio para cada encuentro","description":"","publisher":{"@id":"https:\/\/centrodeextension.uc.cl\/#organization"},"alternateName":"Centros de Extensi\u00f3n UC","potentialAction":[{"@type":"SearchAction","target":{"@type":"EntryPoint","urlTemplate":"https:\/\/centrodeextension.uc.cl\/?s={search_term_string}"},"query-input":"required name=search_term_string"}],"inLanguage":"en-US"},{"@type":"Organization","@id":"https:\/\/centrodeextension.uc.cl\/#organization","name":"Pontificia Universidad Cat\u00f3lica de Chile","url":"https:\/\/centrodeextension.uc.cl\/","logo":{"@type":"ImageObject","inLanguage":"en-US","@id":"https:\/\/centrodeextension.uc.cl\/#\/schema\/logo\/image\/","url":"https:\/\/centrodeextension.uc.cl\/wp-content\/uploads\/2023\/01\/logo_UC.jpg","contentUrl":"https:\/\/centrodeextension.uc.cl\/wp-content\/uploads\/2023\/01\/logo_UC.jpg","width":390,"height":204,"caption":"Pontificia Universidad Cat\u00f3lica de Chile"},"image":{"@id":"https:\/\/centrodeextension.uc.cl\/#\/schema\/logo\/image\/"},"sameAs":["https:\/\/www.facebook.com\/centrodeextensionuc\/"]}]}},"_links":{"self":[{"href":"https:\/\/centrodeextension.uc.cl\/en\/wp-json\/wp\/v2\/pages\/21"}],"collection":[{"href":"https:\/\/centrodeextension.uc.cl\/en\/wp-json\/wp\/v2\/pages"}],"about":[{"href":"https:\/\/centrodeextension.uc.cl\/en\/wp-json\/wp\/v2\/types\/page"}],"author":[{"embeddable":true,"href":"https:\/\/centrodeextension.uc.cl\/en\/wp-json\/wp\/v2\/users\/1"}],"replies":[{"embeddable":true,"href":"https:\/\/centrodeextension.uc.cl\/en\/wp-json\/wp\/v2\/comments?post=21"}],"version-history":[{"count":64,"href":"https:\/\/centrodeextension.uc.cl\/en\/wp-json\/wp\/v2\/pages\/21\/revisions"}],"predecessor-version":[{"id":1667,"href":"https:\/\/centrodeextension.uc.cl\/en\/wp-json\/wp\/v2\/pages\/21\/revisions\/1667"}],"wp:attachment":[{"href":"https:\/\/centrodeextension.uc.cl\/en\/wp-json\/wp\/v2\/media?parent=21"}],"curies":[{"name":"wp","href":"https:\/\/api.w.org\/{rel}","templated":true}]}}

<!-- This site is optimized with the Yoast SEO plugin v22.1 - https://yoast.com/wordpress/plugins/seo/ -->
<title>Nuestra experiencia | Centros de Extensión UC</title>
<meta name="description" content="Conoce nuestra amplia experiencia en organización de eventos y nuestros espacios de arriendo para matrimonios, seminarios, congresos, charlas y más." />
<meta name="robots" content="index, follow, max-snippet:-1, max-image-preview:large, max-video-preview:-1" />
<link rel="canonical" href="https://centrodeextension.uc.cl/acerca-de/" />
<meta property="og:locale" content="en_US" />
<meta property="og:type" content="article" />
<meta property="og:title" content="Nuestra experiencia | Centros de Extensión UC" />
<meta property="og:description" content="Conoce nuestra amplia experiencia en organización de eventos y nuestros espacios de arriendo para matrimonios, seminarios, congresos, charlas y más." />
<meta property="og:url" content="https://centrodeextension.uc.cl/acerca-de/" />
<meta property="og:site_name" content="Centros de Extensión UC, un espacio para cada encuentro" />
<meta property="article:publisher" content="https://www.facebook.com/centrodeextensionuc/" />
<meta property="article:modified_time" content="2023-03-10T14:46:09+00:00" />
<meta property="og:image" content="https://centrodeextension.uc.cl/wp-content/uploads/2017/05/Sobre-Centro-de-Eventos.jpg" />
<meta name="twitter:card" content="summary_large_image" />
<meta name="twitter:label1" content="Est. reading time" />
	<meta name="twitter:data1" content="1 minute" />
<script type="application/ld+json" class="yoast-schema-graph">{"@context":"https://schema.org","@graph":[{"@type":"WebPage","@id":"https://centrodeextension.uc.cl/acerca-de/","url":"https://centrodeextension.uc.cl/acerca-de/","name":"Nuestra experiencia | Centros de Extensión UC","isPartOf":{"@id":"https://centrodeextension.uc.cl/#website"},"datePublished":"2017-05-25T19:23:47+00:00","dateModified":"2023-03-10T14:46:09+00:00","description":"Conoce nuestra amplia experiencia en organización de eventos y nuestros espacios de arriendo para matrimonios, seminarios, congresos, charlas y más.","breadcrumb":{"@id":"https://centrodeextension.uc.cl/acerca-de/#breadcrumb"},"inLanguage":"en-US","potentialAction":[{"@type":"ReadAction","target":["https://centrodeextension.uc.cl/acerca-de/"]}]},{"@type":"BreadcrumbList","@id":"https://centrodeextension.uc.cl/acerca-de/#breadcrumb","itemListElement":[{"@type":"ListItem","position":1,"name":"Portada","item":"https://centrodeextension.uc.cl/"},{"@type":"ListItem","position":2,"name":"Quiénes somos"}]},{"@type":"WebSite","@id":"https://centrodeextension.uc.cl/#website","url":"https://centrodeextension.uc.cl/","name":"Centros de Extensión UC, un espacio para cada encuentro","description":"","publisher":{"@id":"https://centrodeextension.uc.cl/#organization"},"alternateName":"Centros de Extensión UC","potentialAction":[{"@type":"SearchAction","target":{"@type":"EntryPoint","urlTemplate":"https://centrodeextension.uc.cl/?s={search_term_string}"},"query-input":"required name=search_term_string"}],"inLanguage":"en-US"},{"@type":"Organization","@id":"https://centrodeextension.uc.cl/#organization","name":"Pontificia Universidad Católica de Chile","url":"https://centrodeextension.uc.cl/","logo":{"@type":"ImageObject","inLanguage":"en-US","@id":"https://centrodeextension.uc.cl/#/schema/logo/image/","url":"https://centrodeextension.uc.cl/wp-content/uploads/2023/01/logo_UC.jpg","contentUrl":"https://centrodeextension.uc.cl/wp-content/uploads/2023/01/logo_UC.jpg","width":390,"height":204,"caption":"Pontificia Universidad Católica de Chile"},"image":{"@id":"https://centrodeextension.uc.cl/#/schema/logo/image/"},"sameAs":["https://www.facebook.com/centrodeextensionuc/"]}]}</script>
<!-- / Yoast SEO plugin. -->

Nuestra experiencia | Centros de Extensión UC

Conoce nuestra amplia experiencia en organización de eventos y nuestros espacios de arriendo para matrimonios, seminarios, congresos, charlas y más.

Centros de Extensión UC, un espacio para cada encuentro

Quiénes somos

Centros de Extensión UC

Pontificia Universidad Católica de Chile
